What is the highest common factor of 2350009785 and 45?
15
What is the greatest common factor of 87746955 and 690?
345
What is the highest common divisor of 4094382 and 596224?
4658
What is the highest common divisor of 37141 and 288557?
2857
What is the greatest common factor of 3198 and 480870?
78
Calculate the highest common factor of 22952 and 5552.
8
What is the greatest common factor of 58 and 286721869?
29
What is the highest common factor of 8398 and 538954?
494
Calculate the greatest common factor of 90426974 and 198.
22
Calculate the greatest common divisor of 1702298 and 17984.
562
What is the highest common divisor of 21 and 27906423?
3
What is the greatest common divisor of 5050038 and 293167?
9457
Calculate the greatest common divisor of 620857 and 31093.
1003
Calculate the greatest common factor of 30114 and 9131712.
1434
What is the highest common divisor of 10 and 294798450?
10
Calculate the greatest common divisor of 6921816 and 17259.
33
Calculate the highest common divisor of 30943 and 2514919.
1067
Calculate the greatest common factor of 205936 and 632789.
211
What is the highest common factor of 562920 and 342?
6
What is the highest common divisor of 343204 and 434980?
956
Calculate the highest common factor of 3690599 and 8164.
157
What is the greatest common factor of 693 and 77462847?
693
What is the highest common factor of 36 and 1790010?
18
What is the highest common factor of 127169 and 6475?
259
What is the highest common divisor of 2016 and 4131288?
504
Calculate the greatest common divisor of 253896 and 43665.
213
Calculate the greatest common divisor of 80 and 110602460.
20
Calculate the greatest common factor of 662112 and 416480.
608
What is the greatest common divisor of 346910 and 4633?
113
Calculate the greatest common divisor of 11354 and 5305562.
1622
Calculate the greatest common factor of 7458 and 26813318.
226
Calculate the greatest common divisor of 4963396 and 193088.
1724
What is the greatest common factor of 424 and 527006984?
424
What is the greatest common divisor of 522 and 377433318?
174
Calculate the highest common divisor of 38396 and 805654.
662
Calculate the greatest common factor of 15 and 974552415.
15
What is the highest common factor of 3726 and 9315184?
46
Calculate the highest common factor of 4760 and 281330.
70
Calculate the highest common factor of 32 and 25449760.
32
What is the highest common divisor of 2212 and 1273006?
1106
Calculate the highest common divisor of 646556579 and 11301.
3767
Calculate the highest common factor of 1968 and 72693.
123
Calculate the highest common factor of 369 and 57509019.
369
What is the highest common divisor of 8638800 and 3280?
80
Calculate the greatest common factor of 135876 and 67392.
156
What is the greatest common divisor of 4810306 and 1406?
38
Calculate the greatest common divisor of 52430 and 14601220.
1070
Calculate the greatest common factor of 261 and 540692820.
261
What is the highest common divisor of 304767508 and 2780?
556
Calculate the greatest common factor of 1427296 and 12879974.
6862
Calculate the highest common divisor of 234375 and 870.
15
What is the greatest common factor of 216182 and 17?
1
Calculate the highest common factor of 5160 and 10491355.
215
Calculate the greatest common factor of 8386 and 24035474.
1198
What is the highest common divisor of 3983966 and 5944?
1486
What is the greatest common divisor of 73253110 and 1340?
670
What is the greatest common factor of 187 and 98223983?
11
What is the highest common factor of 7375 and 533065?
295
What is the greatest common divisor of 2786 and 24052?
14
Calculate the highest common factor of 4672 and 98000456.
584
Calculate the highest common factor of 16889952 and 480.
96
What is the highest common divisor of 20012065 and 967?
967
What is the highest common factor of 56880 and 107361?
711
What is the greatest common divisor of 96676853 and 728?
91
What is the highest common divisor of 6 and 66192?
6
Calculate the highest common divisor of 97862 and 760852.
334
What is the highest common divisor of 1254428 and 1491?
497
Calculate the greatest common factor of 234 and 76881.
3
Calculate the greatest common factor of 127333 and 14272.
223
What is the greatest common divisor of 2724 and 270708?
12
Calculate the highest common factor of 342 and 139254.
6
Calculate the highest common factor of 13 and 49116600.
13
Calculate the highest common divisor of 123 and 30502524.
123
What is the greatest common divisor of 6628 and 1692542650?
3314
What is the greatest common factor of 244064 and 11309?
263
What is the greatest common factor of 14597 and 17831?
11
Calculate the greatest common divisor of 3639180 and 825.
15
Calculate the greatest common divisor of 19981 and 213701.
29
What is the highest common divisor of 18 and 4841651142?
18
Calculate the greatest common divisor of 672 and 63413628.
12
What is the highest common divisor of 1 and 1684861?
1
What is the greatest common divisor of 12095305 and 5?
5
Calculate the greatest common divisor of 1767873 and 9.
3
What is the greatest common divisor of 731473 and 387?
43
What is the greatest common divisor of 1292603634 and 1449?
1449
Calculate the highest common divisor of 15664 and 1252141.
979
Calculate the greatest common factor of 616 and 239385377.
77
Calculate the greatest common factor of 5891865 and 630.
105
Calculate the highest common divisor of 241800 and 1042600.
2600
Calculate the greatest common divisor of 623 and 133165093.
89
What is the greatest common divisor of 1603972 and 33552?
932
Calculate the greatest common divisor of 730610 and 990.
10
What is the highest common divisor of 1094531990 and 10?
10
Calculate the greatest common factor of 2760 and 693915.
15
What is the highest common factor of 4035430 and 15?
5
What is the highest common factor of 1050 and 211288050?
150
Calculate the highest common factor of 175451826 and 330.
66
Calculate the greatest common factor of 406 and 854.
14
Calculate the highest common factor of 2394 and 15611787.
171
What is the greatest common divisor of 5536 and 2000?
16
What is the highest common factor of 13500 and 7406532?
108
What is the highest common divisor of 721602 and 10074?
138
What is the greatest common factor of 641866 and 2642?
2
Calculate the greatest common factor of 511 and 39030107.
73
What is the highest common divisor of 64139138 and 294?
98
Calculate the highest common divisor of 117 and 13314405.
39
What is the highest common divisor of 16 and 27363428?
4
Calculate the greatest common divisor of 319 and 7893127.
11
Calculate the greatest common factor of 2343 and 43619631.
2343
What is the greatest common divisor of 5760736 and 64?
32
What is the highest common factor of 19403651 and 23?
23
Calculate the greatest common factor of 284712675 and 9675.
3225
Calculate the greatest common factor of 7216 and 1314368.
176
Calculate the highest common factor of 366968 and 72184.
56
Calculate the greatest common divisor of 55 and 17432921.
11
What is the highest common divisor of 207 and 20590704?
207
What is the greatest common factor of 243306 and 108738?
126
What is the highest common factor of 612 and 20026?
34
Calculate the greatest common factor of 318 and 51071754.
318
Calculate the greatest common factor of 406036 and 535516.
332
What is the highest common divisor of 2265202322 and 9274?
9274
Calculate the highest common factor of 9679340 and 660.
220
Calculate the greatest common factor of 268634 and 68.
34
What is the highest common divisor of 544 and 5910526?
34
Calculate the highest common factor of 80670 and 3840.
30
Calculate the highest common divisor of 6309344 and 852.
284
Calculate the greatest common factor of 2944 and 1581504.
64
Calculate the highest common divisor of 146734 and 18191894.
3122
What is the greatest common divisor of 284372 and 948937?
3091
Calculate the highest common factor of 217 and 7047943.
217
Calculate the greatest common divisor of 5759700 and 150.
150
What is the greatest common factor of 1927272 and 88687?
131
What is the highest common divisor of 675 and 2942025?
75
Calculate the greatest common divisor of 13004 and 44152.
4
Calculate the greatest common divisor of 13 and 790307999.
13
Calculate the highes